{"id":3530,"date":"2022-03-28T19:56:09","date_gmt":"2022-03-28T19:56:09","guid":{"rendered":"https:\/\/stagingcopy.comitas.com\/dir\/?page_id=3530"},"modified":"2024-10-24T07:44:24","modified_gmt":"2024-10-24T07:44:24","slug":"kuenstliche-intelligenz","status":"publish","type":"page","link":"https:\/\/stagingcopy.comitas.com\/dir\/kompetenzen\/kuenstliche-intelligenz\/","title":{"rendered":"K\u00fcnstliche Intelligenz"},"content":{"rendered":"\t\t<div data-elementor-type=\"wp-page\" data-elementor-id=\"3530\" class=\"elementor elementor-3530\">\n\t\t\t\t<div class=\"elementor-element elementor-element-ab463f8 top-banner e-flex e-con-boxed e-con e-parent\" data-id=\"ab463f8\" data-element_type=\"container\" data-e-type=\"container\" data-settings=\"{&quot;background_background&quot;:&quot;classic&quot;}\">\n\t\t\t\t\t<div class=\"e-con-inner\">\n\t\t<div class=\"elementor-element elementor-element-1e38a36 e-con-full e-flex e-con e-child\" data-id=\"1e38a36\" data-element_type=\"container\" data-e-type=\"container\">\n\t\t\t\t<div class=\"elementor-element elementor-element-39cce31 elementor-widget__width-auto elementor-widget elementor-widget-heading\" data-id=\"39cce31\" data-element_type=\"widget\" data-e-type=\"widget\" data-widget_type=\"heading.default\">\n\t\t\t\t<div class=\"elementor-widget-container\">\n\t\t\t\t\t<h1 class=\"elementor-heading-title elementor-size-default\">K\u00fcnstliche <br>Intelligenz<\/h1>\t\t\t\t<\/div>\n\t\t\t\t<\/div>\n\t\t\t\t<\/div>\n\t\t<div class=\"elementor-element elementor-element-1d20f67 e-con-full e-flex e-con e-child\" data-id=\"1d20f67\" data-element_type=\"container\" data-e-type=\"container\">\n\t\t\t\t<div class=\"elementor-element elementor-element-20209e0 elementor-widget elementor-widget-image\" data-id=\"20209e0\" data-element_type=\"widget\" data-e-type=\"widget\" data-widget_type=\"image.default\">\n\t\t\t\t<div class=\"elementor-widget-container\">\n\t\t\t\t\t\t\t\t\t\t\t\t\t\t\t<img fetchpriority=\"high\" decoding=\"async\" width=\"800\" height=\"317\" src=\"https:\/\/stagingcopy.comitas.com\/dir\/wp-content\/uploads\/2023\/10\/image-148-1-1024x406.jpg\" class=\"attachment-large size-large wp-image-11107\" alt=\"K\u00fcnstliche Intelligenz\" srcset=\"https:\/\/stagingcopy.comitas.com\/dir\/wp-content\/uploads\/2023\/10\/image-148-1-1024x406.jpg 1024w, https:\/\/stagingcopy.comitas.com\/dir\/wp-content\/uploads\/2023\/10\/image-148-1-300x119.jpg 300w, https:\/\/stagingcopy.comitas.com\/dir\/wp-content\/uploads\/2023\/10\/image-148-1-150x59.jpg 150w, https:\/\/stagingcopy.comitas.com\/dir\/wp-content\/uploads\/2023\/10\/image-148-1-768x305.jpg 768w, https:\/\/stagingcopy.comitas.com\/dir\/wp-content\/uploads\/2023\/10\/image-148-1.jpg 1503w\" sizes=\"(max-width: 800px) 100vw, 800px\" \/>\t\t\t\t\t\t\t\t\t\t\t\t\t\t\t<\/div>\n\t\t\t\t<\/div>\n\t\t\t\t<\/div>\n\t\t\t\t\t<\/div>\n\t\t\t\t<\/div>\n\t\t\t\t<section class=\"elementor-section elementor-top-section elementor-element elementor-element-99c12bd elementor-section-boxed elementor-section-height-default elementor-section-height-default\" data-id=\"99c12bd\" data-element_type=\"section\" data-e-type=\"section\">\n\t\t\t\t\t\t<div class=\"elementor-container elementor-column-gap-extended\">\n\t\t\t\t\t<div class=\"elementor-column elementor-col-50 elementor-top-column elementor-element elementor-element-ed85b05\" data-id=\"ed85b05\" data-element_type=\"column\" data-e-type=\"column\">\n\t\t\t<div class=\"elementor-widget-wrap elementor-element-populated\">\n\t\t\t\t\t\t<div class=\"elementor-element elementor-element-33b4458 elementor-widget elementor-widget-image\" data-id=\"33b4458\" data-element_type=\"widget\" data-e-type=\"widget\" data-widget_type=\"image.default\">\n\t\t\t\t<div class=\"elementor-widget-container\">\n\t\t\t\t\t\t\t\t\t\t\t\t\t\t\t<img decoding=\"async\" width=\"128\" height=\"151\" src=\"https:\/\/stagingcopy.comitas.com\/dir\/wp-content\/uploads\/2022\/03\/image-84-3.jpg\" class=\"attachment-full size-full wp-image-2394\" alt=\"K\u00fcnstliche Intelligenz\" \/>\t\t\t\t\t\t\t\t\t\t\t\t\t\t\t<\/div>\n\t\t\t\t<\/div>\n\t\t\t\t\t<\/div>\n\t\t<\/div>\n\t\t\t\t<div class=\"elementor-column elementor-col-50 elementor-top-column elementor-element elementor-element-b38aa66\" data-id=\"b38aa66\" data-element_type=\"column\" data-e-type=\"column\">\n\t\t\t<div class=\"elementor-widget-wrap elementor-element-populated\">\n\t\t\t\t\t\t<div class=\"elementor-element elementor-element-81fe741 elementor-widget elementor-widget-heading\" data-id=\"81fe741\" data-element_type=\"widget\" data-e-type=\"widget\" data-widget_type=\"heading.default\">\n\t\t\t\t<div class=\"elementor-widget-container\">\n\t\t\t\t\t<h3 class=\"elementor-heading-title elementor-size-default\">K\u00fcnstliche Intelligenz f\u00fcr Ihre Zukunft<\/h3>\t\t\t\t<\/div>\n\t\t\t\t<\/div>\n\t\t\t\t<div class=\"elementor-element elementor-element-2846663 elementor-widget elementor-widget-text-editor\" data-id=\"2846663\" data-element_type=\"widget\" data-e-type=\"widget\" data-widget_type=\"text-editor.default\">\n\t\t\t\t<div class=\"elementor-widget-container\">\n\t\t\t\t\t\t\t\t\t<p>K\u00fcnstliche Intelligenz ist essenziell in der heutigen Technologie und ist das Bestreben, Computern Intelligenz zu verleihen, indem man menschliche Lern- und Denkprozesse auf sie \u00fcbertr\u00e4gt. Hierbei dient Big Data, also riesige Mengen an Daten, als Basis. Je mehr Daten der KI zur Verf\u00fcgung gestellt werden, desto gr\u00f6sser ist der Nutzen und die daraus resultierenden Anwendungsm\u00f6glichkeiten.<\/p><p>KI erm\u00f6glicht Unternehmen, ihre Kund:innen auf eine Weise zu verstehen, die fr\u00fcher unm\u00f6glich war. Durch eine kontinuierliche Analyse der Daten k\u00f6nnen wiederholende Aufgaben automatisiert, Fehler reduziert und Business-Entscheidungen unterst\u00fctzt werden. So sparen Sie sowohl Zeit als auch Geld.<\/p><p>Auch Ihre Kund:innen profitieren vom Einsatz von KI \u2013 denn deren Bed\u00fcrfnisse k\u00f6nnen besser vorhergesehen und massgeschneidert werden. So ist es auch m\u00f6glich, konkrete Schlussfolgerungen aus den Erkenntnissen der Datensammlungen zu ziehen. Durch <em>Predictive Analytics<\/em> ist es auch m\u00f6glich, Zukunftstrends vorherzusehen.<\/p><p>Mit unseren technischen Partnern <strong>Microsoft<\/strong> und <strong>Google<\/strong> sind wir f\u00e4hig, ihre Daten f\u00fcr die k\u00fcnstliche Intelligenz einzusetzen und so Ihr Unternehmen f\u00fcr die Zukunft optimal vorzubereiten.<\/p>\t\t\t\t\t\t\t\t<\/div>\n\t\t\t\t<\/div>\n\t\t\t\t\t<\/div>\n\t\t<\/div>\n\t\t\t\t\t<\/div>\n\t\t<\/section>\n\t\t\t\t<section class=\"elementor-section elementor-top-section elementor-element elementor-element-0da21f2 elementor-section-boxed elementor-section-height-default elementor-section-height-default\" data-id=\"0da21f2\" data-element_type=\"section\" data-e-type=\"section\">\n\t\t\t\t\t\t<div class=\"elementor-container elementor-column-gap-default\">\n\t\t\t\t\t<div class=\"elementor-column elementor-col-100 elementor-top-column elementor-element elementor-element-1bb9aaa\" data-id=\"1bb9aaa\" data-element_type=\"column\" data-e-type=\"column\">\n\t\t\t<div class=\"elementor-widget-wrap elementor-element-populated\">\n\t\t\t\t\t\t<div class=\"elementor-element elementor-element-1e9743c editor-back-button elementor-widget elementor-widget-button\" data-id=\"1e9743c\" data-element_type=\"widget\" data-e-type=\"widget\" data-widget_type=\"button.default\">\n\t\t\t\t<div class=\"elementor-widget-container\">\n\t\t\t\t\t\t\t\t\t<div class=\"elementor-button-wrapper\">\n\t\t\t\t\t<a class=\"elementor-button elementor-button-link elementor-size-sm\" href=\"https:\/\/stagingcopy.comitas.com\/dir\/\">\n\t\t\t\t\t\t<span class=\"elementor-button-content-wrapper\">\n\t\t\t\t\t\t<span class=\"elementor-button-icon\">\n\t\t\t\t<svg xmlns=\"http:\/\/www.w3.org\/2000\/svg\" width=\"33\" height=\"25\" viewBox=\"0 0 33 25\" fill=\"none\"><path d=\"M32.5713 12.1826H5.60938\" stroke=\"#C3D3E6\" stroke-width=\"4\"><\/path><path d=\"M14.9834 1.88574L3.89258 11.9863L14.5872 22.681\" stroke=\"#C3D3E6\" stroke-width=\"4\"><\/path><\/svg>\t\t\t<\/span>\n\t\t\t\t\t\t\t\t<\/span>\n\t\t\t\t\t<\/a>\n\t\t\t\t<\/div>\n\t\t\t\t\t\t\t\t<\/div>\n\t\t\t\t<\/div>\n\t\t\t\t\t<\/div>\n\t\t<\/div>\n\t\t\t\t\t<\/div>\n\t\t<\/section>\n\t\t\t\t<\/div>\n\t\t","protected":false},"excerpt":{"rendered":"<p>K\u00fcnstliche Intelligenz K\u00fcnstliche Intelligenz f\u00fcr Ihre Zukunft K\u00fcnstliche Intelligenz ist essenziell in der heutigen Technologie und ist das Bestreben, Computern Intelligenz zu verleihen, indem man menschliche Lern- und Denkprozesse auf sie \u00fcbertr\u00e4gt. Hierbei dient Big Data, also riesige Mengen an Daten, als Basis. Je mehr Daten der KI zur Verf\u00fcgung gestellt werden, desto gr\u00f6sser ist [&hellip;]<\/p>\n","protected":false},"author":1,"featured_media":0,"parent":3455,"menu_order":0,"comment_status":"closed","ping_status":"closed","template":"","meta":{"_acf_changed":false,"content-type":"","inline_featured_image":false,"_monsterinsights_skip_tracking":false,"_monsterinsights_sitenote_active":false,"_monsterinsights_sitenote_note":"","_monsterinsights_sitenote_category":0,"footnotes":""},"class_list":["post-3530","page","type-page","status-publish","hentry"],"acf":[],"yoast_head":"<!-- This site is optimized with the Yoast SEO plugin v27.1.1 - https:\/\/yoast.com\/product\/yoast-seo-wordpress\/ -->\n<title>K\u00fcnstliche Intelligenz - Comitas Staging Site<\/title>\n<meta name=\"description\" content=\"Wir bieten massgeschneiderte Beratung &amp; L\u00f6sungen, um Ihr Unternehmen durch KI-Technologien zu st\u00e4rken. Erfahren Sie mehr \u00fcber unsere KI-Kompetenzen!\" \/>\n<meta name=\"robots\" content=\"noindex, follow, max-snippet:-1, max-image-preview:large, max-video-preview:-1\" \/>\n<meta property=\"og:locale\" content=\"en_US\" \/>\n<meta property=\"og:type\" content=\"article\" \/>\n<meta property=\"og:title\" content=\"K\u00fcnstliche Intelligenz - Comitas Staging Site\" \/>\n<meta property=\"og:description\" content=\"Wir bieten massgeschneiderte Beratung &amp; L\u00f6sungen, um Ihr Unternehmen durch KI-Technologien zu st\u00e4rken. Erfahren Sie mehr \u00fcber unsere KI-Kompetenzen!\" \/>\n<meta property=\"og:url\" content=\"https:\/\/stagingcopy.comitas.com\/dir\/kompetenzen\/kuenstliche-intelligenz\/\" \/>\n<meta property=\"og:site_name\" content=\"Comitas Staging Site\" \/>\n<meta property=\"article:modified_time\" content=\"2024-10-24T07:44:24+00:00\" \/>\n<meta property=\"og:image\" content=\"https:\/\/stagingcopy.comitas.com\/dir\/wp-content\/uploads\/2023\/10\/image-148-1.jpg\" \/>\n\t<meta property=\"og:image:width\" content=\"1503\" \/>\n\t<meta property=\"og:image:height\" content=\"596\" \/>\n\t<meta property=\"og:image:type\" content=\"image\/jpeg\" \/>\n<meta name=\"twitter:card\" content=\"summary_large_image\" \/>\n<meta name=\"twitter:label1\" content=\"Est. reading time\" \/>\n\t<meta name=\"twitter:data1\" content=\"2 minutes\" \/>\n<script type=\"application\/ld+json\" class=\"yoast-schema-graph\">{\"@context\":\"https:\/\/schema.org\",\"@graph\":[{\"@type\":\"WebPage\",\"@id\":\"https:\/\/stagingcopy.comitas.com\/dir\/kompetenzen\/kuenstliche-intelligenz\/\",\"url\":\"https:\/\/stagingcopy.comitas.com\/dir\/kompetenzen\/kuenstliche-intelligenz\/\",\"name\":\"K\u00fcnstliche Intelligenz - Comitas Staging Site\",\"isPartOf\":{\"@id\":\"https:\/\/stagingcopy.comitas.com\/dir\/#website\"},\"primaryImageOfPage\":{\"@id\":\"https:\/\/stagingcopy.comitas.com\/dir\/kompetenzen\/kuenstliche-intelligenz\/#primaryimage\"},\"image\":{\"@id\":\"https:\/\/stagingcopy.comitas.com\/dir\/kompetenzen\/kuenstliche-intelligenz\/#primaryimage\"},\"thumbnailUrl\":\"https:\/\/stagingcopy.comitas.com\/dir\/wp-content\/uploads\/2023\/10\/image-148-1-1024x406.jpg\",\"datePublished\":\"2022-03-28T19:56:09+00:00\",\"dateModified\":\"2024-10-24T07:44:24+00:00\",\"description\":\"Wir bieten massgeschneiderte Beratung & L\u00f6sungen, um Ihr Unternehmen durch KI-Technologien zu st\u00e4rken. Erfahren Sie mehr \u00fcber unsere KI-Kompetenzen!\",\"breadcrumb\":{\"@id\":\"https:\/\/stagingcopy.comitas.com\/dir\/kompetenzen\/kuenstliche-intelligenz\/#breadcrumb\"},\"inLanguage\":\"en-US\",\"potentialAction\":[{\"@type\":\"ReadAction\",\"target\":[\"https:\/\/stagingcopy.comitas.com\/dir\/kompetenzen\/kuenstliche-intelligenz\/\"]}]},{\"@type\":\"ImageObject\",\"inLanguage\":\"en-US\",\"@id\":\"https:\/\/stagingcopy.comitas.com\/dir\/kompetenzen\/kuenstliche-intelligenz\/#primaryimage\",\"url\":\"https:\/\/stagingcopy.comitas.com\/dir\/wp-content\/uploads\/2023\/10\/image-148-1.jpg\",\"contentUrl\":\"https:\/\/stagingcopy.comitas.com\/dir\/wp-content\/uploads\/2023\/10\/image-148-1.jpg\",\"width\":1503,\"height\":596,\"caption\":\"K\u00fcnstliche Intelligenz\"},{\"@type\":\"BreadcrumbList\",\"@id\":\"https:\/\/stagingcopy.comitas.com\/dir\/kompetenzen\/kuenstliche-intelligenz\/#breadcrumb\",\"itemListElement\":[{\"@type\":\"ListItem\",\"position\":1,\"name\":\"Home\",\"item\":\"https:\/\/stagingcopy.comitas.com\/dir\/\"},{\"@type\":\"ListItem\",\"position\":2,\"name\":\"Kompetenzen\",\"item\":\"https:\/\/stagingcopy.comitas.com\/dir\/kompetenzen\/\"},{\"@type\":\"ListItem\",\"position\":3,\"name\":\"K\u00fcnstliche Intelligenz\"}]},{\"@type\":\"WebSite\",\"@id\":\"https:\/\/stagingcopy.comitas.com\/dir\/#website\",\"url\":\"https:\/\/stagingcopy.comitas.com\/dir\/\",\"name\":\"Comitas Staging Site\",\"description\":\"Auf bestem Weg nach Morgen\",\"publisher\":{\"@id\":\"https:\/\/stagingcopy.comitas.com\/dir\/#organization\"},\"potentialAction\":[{\"@type\":\"SearchAction\",\"target\":{\"@type\":\"EntryPoint\",\"urlTemplate\":\"https:\/\/stagingcopy.comitas.com\/dir\/?s={search_term_string}\"},\"query-input\":{\"@type\":\"PropertyValueSpecification\",\"valueRequired\":true,\"valueName\":\"search_term_string\"}}],\"inLanguage\":\"en-US\"},{\"@type\":\"Organization\",\"@id\":\"https:\/\/stagingcopy.comitas.com\/dir\/#organization\",\"name\":\"Comitas\",\"url\":\"https:\/\/stagingcopy.comitas.com\/dir\/\",\"logo\":{\"@type\":\"ImageObject\",\"inLanguage\":\"en-US\",\"@id\":\"https:\/\/stagingcopy.comitas.com\/dir\/#\/schema\/logo\/image\/\",\"url\":\"https:\/\/stagingcopy.comitas.com\/dir\/wp-content\/uploads\/2022\/01\/Comitas-Logo-01-1.svg\",\"contentUrl\":\"https:\/\/stagingcopy.comitas.com\/dir\/wp-content\/uploads\/2022\/01\/Comitas-Logo-01-1.svg\",\"width\":198,\"height\":80,\"caption\":\"Comitas\"},\"image\":{\"@id\":\"https:\/\/stagingcopy.comitas.com\/dir\/#\/schema\/logo\/image\/\"},\"sameAs\":[\"https:\/\/www.linkedin.com\/company\/comitas-ag\"]}]}<\/script>\n<!-- \/ Yoast SEO plugin. -->","yoast_head_json":{"title":"K\u00fcnstliche Intelligenz - Comitas Staging Site","description":"Wir bieten massgeschneiderte Beratung & L\u00f6sungen, um Ihr Unternehmen durch KI-Technologien zu st\u00e4rken. Erfahren Sie mehr \u00fcber unsere KI-Kompetenzen!","robots":{"index":"noindex","follow":"follow","max-snippet":"max-snippet:-1","max-image-preview":"max-image-preview:large","max-video-preview":"max-video-preview:-1"},"og_locale":"en_US","og_type":"article","og_title":"K\u00fcnstliche Intelligenz - Comitas Staging Site","og_description":"Wir bieten massgeschneiderte Beratung & L\u00f6sungen, um Ihr Unternehmen durch KI-Technologien zu st\u00e4rken. Erfahren Sie mehr \u00fcber unsere KI-Kompetenzen!","og_url":"https:\/\/stagingcopy.comitas.com\/dir\/kompetenzen\/kuenstliche-intelligenz\/","og_site_name":"Comitas Staging Site","article_modified_time":"2024-10-24T07:44:24+00:00","og_image":[{"width":1503,"height":596,"url":"https:\/\/stagingcopy.comitas.com\/dir\/wp-content\/uploads\/2023\/10\/image-148-1.jpg","type":"image\/jpeg"}],"twitter_card":"summary_large_image","twitter_misc":{"Est. reading time":"2 minutes"},"schema":{"@context":"https:\/\/schema.org","@graph":[{"@type":"WebPage","@id":"https:\/\/stagingcopy.comitas.com\/dir\/kompetenzen\/kuenstliche-intelligenz\/","url":"https:\/\/stagingcopy.comitas.com\/dir\/kompetenzen\/kuenstliche-intelligenz\/","name":"K\u00fcnstliche Intelligenz - Comitas Staging Site","isPartOf":{"@id":"https:\/\/stagingcopy.comitas.com\/dir\/#website"},"primaryImageOfPage":{"@id":"https:\/\/stagingcopy.comitas.com\/dir\/kompetenzen\/kuenstliche-intelligenz\/#primaryimage"},"image":{"@id":"https:\/\/stagingcopy.comitas.com\/dir\/kompetenzen\/kuenstliche-intelligenz\/#primaryimage"},"thumbnailUrl":"https:\/\/stagingcopy.comitas.com\/dir\/wp-content\/uploads\/2023\/10\/image-148-1-1024x406.jpg","datePublished":"2022-03-28T19:56:09+00:00","dateModified":"2024-10-24T07:44:24+00:00","description":"Wir bieten massgeschneiderte Beratung & L\u00f6sungen, um Ihr Unternehmen durch KI-Technologien zu st\u00e4rken. Erfahren Sie mehr \u00fcber unsere KI-Kompetenzen!","breadcrumb":{"@id":"https:\/\/stagingcopy.comitas.com\/dir\/kompetenzen\/kuenstliche-intelligenz\/#breadcrumb"},"inLanguage":"en-US","potentialAction":[{"@type":"ReadAction","target":["https:\/\/stagingcopy.comitas.com\/dir\/kompetenzen\/kuenstliche-intelligenz\/"]}]},{"@type":"ImageObject","inLanguage":"en-US","@id":"https:\/\/stagingcopy.comitas.com\/dir\/kompetenzen\/kuenstliche-intelligenz\/#primaryimage","url":"https:\/\/stagingcopy.comitas.com\/dir\/wp-content\/uploads\/2023\/10\/image-148-1.jpg","contentUrl":"https:\/\/stagingcopy.comitas.com\/dir\/wp-content\/uploads\/2023\/10\/image-148-1.jpg","width":1503,"height":596,"caption":"K\u00fcnstliche Intelligenz"},{"@type":"BreadcrumbList","@id":"https:\/\/stagingcopy.comitas.com\/dir\/kompetenzen\/kuenstliche-intelligenz\/#breadcrumb","itemListElement":[{"@type":"ListItem","position":1,"name":"Home","item":"https:\/\/stagingcopy.comitas.com\/dir\/"},{"@type":"ListItem","position":2,"name":"Kompetenzen","item":"https:\/\/stagingcopy.comitas.com\/dir\/kompetenzen\/"},{"@type":"ListItem","position":3,"name":"K\u00fcnstliche Intelligenz"}]},{"@type":"WebSite","@id":"https:\/\/stagingcopy.comitas.com\/dir\/#website","url":"https:\/\/stagingcopy.comitas.com\/dir\/","name":"Comitas Staging Site","description":"Auf bestem Weg nach Morgen","publisher":{"@id":"https:\/\/stagingcopy.comitas.com\/dir\/#organization"},"potentialAction":[{"@type":"SearchAction","target":{"@type":"EntryPoint","urlTemplate":"https:\/\/stagingcopy.comitas.com\/dir\/?s={search_term_string}"},"query-input":{"@type":"PropertyValueSpecification","valueRequired":true,"valueName":"search_term_string"}}],"inLanguage":"en-US"},{"@type":"Organization","@id":"https:\/\/stagingcopy.comitas.com\/dir\/#organization","name":"Comitas","url":"https:\/\/stagingcopy.comitas.com\/dir\/","logo":{"@type":"ImageObject","inLanguage":"en-US","@id":"https:\/\/stagingcopy.comitas.com\/dir\/#\/schema\/logo\/image\/","url":"https:\/\/stagingcopy.comitas.com\/dir\/wp-content\/uploads\/2022\/01\/Comitas-Logo-01-1.svg","contentUrl":"https:\/\/stagingcopy.comitas.com\/dir\/wp-content\/uploads\/2022\/01\/Comitas-Logo-01-1.svg","width":198,"height":80,"caption":"Comitas"},"image":{"@id":"https:\/\/stagingcopy.comitas.com\/dir\/#\/schema\/logo\/image\/"},"sameAs":["https:\/\/www.linkedin.com\/company\/comitas-ag"]}]}},"_links":{"self":[{"href":"https:\/\/stagingcopy.comitas.com\/dir\/wp-json\/wp\/v2\/pages\/3530","targetHints":{"allow":["GET"]}}],"collection":[{"href":"https:\/\/stagingcopy.comitas.com\/dir\/wp-json\/wp\/v2\/pages"}],"about":[{"href":"https:\/\/stagingcopy.comitas.com\/dir\/wp-json\/wp\/v2\/types\/page"}],"author":[{"embeddable":true,"href":"https:\/\/stagingcopy.comitas.com\/dir\/wp-json\/wp\/v2\/users\/1"}],"replies":[{"embeddable":true,"href":"https:\/\/stagingcopy.comitas.com\/dir\/wp-json\/wp\/v2\/comments?post=3530"}],"version-history":[{"count":52,"href":"https:\/\/stagingcopy.comitas.com\/dir\/wp-json\/wp\/v2\/pages\/3530\/revisions"}],"predecessor-version":[{"id":17284,"href":"https:\/\/stagingcopy.comitas.com\/dir\/wp-json\/wp\/v2\/pages\/3530\/revisions\/17284"}],"up":[{"embeddable":true,"href":"https:\/\/stagingcopy.comitas.com\/dir\/wp-json\/wp\/v2\/pages\/3455"}],"wp:attachment":[{"href":"https:\/\/stagingcopy.comitas.com\/dir\/wp-json\/wp\/v2\/media?parent=3530"}],"curies":[{"name":"wp","href":"https:\/\/api.w.org\/{rel}","templated":true}]}}